{"id":3705,"date":"2024-09-12T17:31:55","date_gmt":"2024-09-12T14:31:55","guid":{"rendered":"https:\/\/mustansiriyah.net\/?page_id=3705"},"modified":"2024-09-12T17:32:19","modified_gmt":"2024-09-12T14:32:19","slug":"ameller-niyetlerdir","status":"publish","type":"page","link":"https:\/\/mustansiriyah.net\/?page_id=3705&lang=tr","title":{"rendered":"AMELLER N\u0130YETLERD\u0130R;"},"content":{"rendered":"<div class=\"wp-block-image\">\n<figure class=\"aligncenter size-large\"><img decoding=\"async\" src=\"https:\/\/f.mustansiriyah.net\/php\/ramadan\/1.jpg\" alt=\"\"\/><\/figure><\/div>\n\n\n<p class=\"MsoNormal\" align=\"center\" dir=\"RTL\" style=\"text-align: center; text-indent: 20.0pt; direction: ltr; unicode-bidi: embed\">\n<b><span lang=\"AR-SA\" style=\"font-size: 36.0pt; color: #002060\">[<\/span><span dir=\"LTR\" style=\"font-size: 36.0pt; color: #002060\"> \n1 <\/span><span lang=\"AR-SA\" style=\"font-size: 36.0pt; color: #002060\">]<\/span><\/b><span lang=\"AR-SA\" dir=\"LTR\">\n<\/span><\/p>\n<p class=\"MsoNormal\" style=\"text-align:justify;text-indent:35.45pt\" dir=\"ltr\">\n<span style=\"font-size: 10.0pt; color: #002060\">&nbsp;<\/span><\/p>\n<p class=\"MsoNormal\" style=\"text-align:justify\" dir=\"ltr\">\n<span style=\"font-size: 16.0pt; color: #002060\">AMELLER N&#304;YETLERD&#304;R;<\/span><\/p>\n<p class=\"MsoNormal\" style=\"text-align:justify\" dir=\"ltr\">\n<span style=\"font-size: 16.0pt; color: #002060\">Emir\u00fc&#8217;l-M\u00fc&#8217;minin <\/span>\n<span style=\"font-size: 16.0pt; color: #C00000\">Eb\u00fb Hafs &Ouml;mer b. El-Hatt\u00e2b \n(Rad&#305;yallahu Anhu)<\/span><span style=\"font-size: 16.0pt; color: #002060\"> \nDemi&#351;tir ki, kendim i&#351;ittim, <\/span><span style=\"font-size: 16.0pt; color: red\">\nRes\u00fblull\u00e2h (Sallallahu Aleyhi ve Sellem) <\/span>\n<span style=\"font-size: 16.0pt; color: #002060\">&#351;&ouml;yle buyuruyordu: <\/span>\n<span style=\"font-size: 16.0pt; color: #00B050\">&quot;Ameller (in k&#305;ymeti) niyetlere \nba&#287;l&#305;d&#305;r. Herkesin niyet etti&#287;i ne ise eline ge\u00e7ecek olan odur. Hicreti Allah&#8217;a \nve Res\u00fcl\u00fc&#8217;ne m\u00fcteveccih olan&#305;n hicreti Allah&#8217;a ve Res\u00fblullah&#8217;ad&#305;r. Hicreti, \neline ge\u00e7irece&#287;i bir d\u00fcnyaya veya nikah edece&#287;i bir kad&#305;na m\u00fcteveccih ise \nhicreti de gaye-i hicreti ne ise (d\u00fcnya veya kad&#305;n) ona m\u00fcntehidir&quot;.<\/span><\/p>\n<p class=\"MsoNormal\" style=\"text-align:justify\" dir=\"ltr\">Hadis sahihtir. \nMuttefak aleyhtir<span lang=\"DE\">. Buhari ve M\u00fcslim rivayet etti. Hadis \nme&#351;hurdur, alt&#305; imam (K\u00fct\u00fcbi Sitte sahibleri (Buhari, M\u00fcslim, Ebu Davud, \nTirmizi, Nesai, &#304;bni Mace) Darekutni, Malik, Ahmet, &#304;bni Hibban ve Beyhaki \nel-Marifet\u2019te 17 sahaden rivayet ettiler. <\/span>(Nasburraye, Zeylai 1\/301) \nhakikatla bu hadis m\u00fctevatirdir 30 sahabeden rivayet edilmi&#351;tir. (Nazmul \nMetenasirfil hadisi m\u00fctevatir, Cafer el-Kattani S: 17).<span style=\"font-size: 16.0pt; color: #00B050\">&nbsp;\n<\/span><\/p>\n\n\n\n\n<figure class=\"wp-block-embed is-type-wp-embed\"><div class=\"wp-block-embed__wrapper\">\n<blockquote class=\"wp-embedded-content\" data-secret=\"nwW3yAu9lu\"><a href=\"https:\/\/mustansiriyah.net\/?page_id=3592&#038;lang=tr\">NEVEV\u0130 KIRK HAD\u0130S\u0130<\/a><\/blockquote><iframe loading=\"lazy\" class=\"wp-embedded-content\" sandbox=\"allow-scripts\" security=\"restricted\" style=\"position: absolute; visibility: hidden;\" title=\"&#8220;NEVEV\u0130 KIRK HAD\u0130S\u0130&#8221; &#8212; \u0645\u064e\u0646\u064e\u0635\u0651\u064e\u0629\u064f \u0627\u0644\u0645\u064f\u0633\u0652\u062a\u064e\u0646\u0652\u0635\u0650\u0631\u0650\u064a\u0651\u064e\u0629\u0650 \u0627\u0644\u062a\u064e\u0639\u0652\u0644\u0650\u064a\u0645\u064a\u0651\u064e\u0629\u0650 \u0644\u0650\u0644\u062a\u0651\u064e\u0639\u064e\u0644\u064f\u0645\u0650 \u0648\u0627\u0644\u062a\u0651\u064e\u0639\u0652\u0644\u0650\u064a\u0645\u0650 \u0627\u0644\u0627\u0650\u0641\u0652\u062a\u0650\u0631\u064e\u0627\u0636\u0650\u064a\u0651 \u0627\u0644\u0645\u064e\u0641\u0652\u062a\u064f\u0648\u062d\u0650\" src=\"https:\/\/mustansiriyah.net\/?page_id=3592&#038;lang=tr&#038;embed=true#?secret=UljGT2ZB64#?secret=nwW3yAu9lu\" data-secret=\"nwW3yAu9lu\" width=\"500\" height=\"282\" frameborder=\"0\" marginwidth=\"0\" marginheight=\"0\" scrolling=\"no\"><\/iframe>\n<\/div><\/figure>\n","protected":false},"excerpt":{"rendered":"<div class=\"mh-excerpt\"><p>[ 1 ] &nbsp; AMELLER N&#304;YETLERD&#304;R; Emir\u00fc&#8217;l-M\u00fc&#8217;minin Eb\u00fb Hafs &Ouml;mer b. El-Hatt\u00e2b (Rad&#305;yallahu Anhu) Demi&#351;tir ki, kendim i&#351;ittim, Res\u00fblull\u00e2h (Sallallahu Aleyhi ve Sellem) &#351;&ouml;yle buyuruyordu: <a class=\"mh-excerpt-more\" href=\"https:\/\/mustansiriyah.net\/?page_id=3705&#038;lang=tr\" title=\"AMELLER N\u0130YETLERD\u0130R;\">[&#8230;]<\/a><\/p>\n<\/div>","protected":false},"author":1,"featured_media":0,"parent":0,"menu_order":0,"comment_status":"closed","ping_status":"closed","template":"","meta":{"footnotes":""},"class_list":["post-3705","page","type-page","status-publish","hentry"],"_links":{"self":[{"href":"https:\/\/mustansiriyah.net\/index.php?rest_route=\/wp\/v2\/pages\/3705","targetHints":{"allow":["GET"]}}],"collection":[{"href":"https:\/\/mustansiriyah.net\/index.php?rest_route=\/wp\/v2\/pages"}],"about":[{"href":"https:\/\/mustansiriyah.net\/index.php?rest_route=\/wp\/v2\/types\/page"}],"author":[{"embeddable":true,"href":"https:\/\/mustansiriyah.net\/index.php?rest_route=\/wp\/v2\/users\/1"}],"replies":[{"embeddable":true,"href":"https:\/\/mustansiriyah.net\/index.php?rest_route=%2Fwp%2Fv2%2Fcomments&post=3705"}],"version-history":[{"count":1,"href":"https:\/\/mustansiriyah.net\/index.php?rest_route=\/wp\/v2\/pages\/3705\/revisions"}],"predecessor-version":[{"id":3706,"href":"https:\/\/mustansiriyah.net\/index.php?rest_route=\/wp\/v2\/pages\/3705\/revisions\/3706"}],"wp:attachment":[{"href":"https:\/\/mustansiriyah.net\/index.php?rest_route=%2Fwp%2Fv2%2Fmedia&parent=3705"}],"curies":[{"name":"wp","href":"https:\/\/api.w.org\/{rel}","templated":true}]}}