{"id":3744,"date":"2024-09-18T22:39:43","date_gmt":"2024-09-18T19:39:43","guid":{"rendered":"https:\/\/mustansiriyah.net\/?page_id=3744"},"modified":"2024-09-18T22:39:45","modified_gmt":"2024-09-18T19:39:45","slug":"seyh-osman-el-hamis","status":"publish","type":"page","link":"https:\/\/mustansiriyah.net\/?page_id=3744&lang=tr","title":{"rendered":"\u015eeyh Osman el-Hamis"},"content":{"rendered":"<div class=\"wp-block-image\">\n<figure class=\"aligncenter size-large\"><img decoding=\"async\" src=\"https:\/\/mustansiriyah.net\/wp-content\/uploads\/2019\/10\/40893814_472113786619791_5876197533662838784_n.jpg\" alt=\"\"\/><\/figure><\/div>\n\n\n<p>Osman bin Muhammed bin Hamad bin Abdullah bin Salih bin Muhammed el-Hamis el-Nasiri el-Tamimi (Arap\u00e7a: \u0639\u062b\u0645\u0627\u0646 \u0627\u0644\u062e\u0645\u064a\u0633; 26 May\u0131s 1962 do\u011fumlu), Osman el-Hamis olarak da bilinen, akademik bir alim ve vaizdir.<\/p>\n\n\n\n<p>Bilimsel ve pratik kariyer<br>El-Hamis, Riyad&#8217;daki \u0130mam Muhammed bin Suud \u0130slam \u00dcniversitesi&#8217;nde e\u011fitim g\u00f6rd\u00fc, hadis (Muhammed&#8217;in gelenekleri) alan\u0131nda y\u00fcksek lisans derecesine sahip ve iki kabile (Hasan ve H\u00fcseyin) meselesinde yer alan hadisler \u00fczerine bir tezi var.<br>Kral Suud \u00dcniversitesi&#8217;nden \u00fcst\u00fcn ba\u015far\u0131yla doktora derecesi ald\u0131 ve \u0130ncelemeler ba\u015fl\u0131kl\u0131 tezi ele\u015ftirel bir \u00e7al\u0131\u015fmad\u0131r. 1993 y\u0131l\u0131ndan 2004 y\u0131l\u0131na kadar El-Hamidah Camii&#8217;nde imam olarak g\u00f6rev yapm\u0131\u015f, daha \u00f6nce de 1989-1993 y\u0131llar\u0131 aras\u0131nda ayn\u0131 caminin m\u00fcezzinli\u011fini yapm\u0131\u015ft\u0131r.<\/p>\n","protected":false},"excerpt":{"rendered":"<div class=\"mh-excerpt\"><p>Osman bin Muhammed bin Hamad bin Abdullah bin Salih bin Muhammed el-Hamis el-Nasiri el-Tamimi (Arap\u00e7a: \u0639\u062b\u0645\u0627\u0646 \u0627\u0644\u062e\u0645\u064a\u0633; 26 May\u0131s 1962 do\u011fumlu), Osman el-Hamis olarak da <a class=\"mh-excerpt-more\" href=\"https:\/\/mustansiriyah.net\/?page_id=3744&#038;lang=tr\" title=\"\u015eeyh Osman el-Hamis\">[&#8230;]<\/a><\/p>\n<\/div>","protected":false},"author":1,"featured_media":59,"parent":0,"menu_order":0,"comment_status":"closed","ping_status":"closed","template":"","meta":{"footnotes":""},"class_list":["post-3744","page","type-page","status-publish","has-post-thumbnail","hentry"],"_links":{"self":[{"href":"https:\/\/mustansiriyah.net\/index.php?rest_route=\/wp\/v2\/pages\/3744","targetHints":{"allow":["GET"]}}],"collection":[{"href":"https:\/\/mustansiriyah.net\/index.php?rest_route=\/wp\/v2\/pages"}],"about":[{"href":"https:\/\/mustansiriyah.net\/index.php?rest_route=\/wp\/v2\/types\/page"}],"author":[{"embeddable":true,"href":"https:\/\/mustansiriyah.net\/index.php?rest_route=\/wp\/v2\/users\/1"}],"replies":[{"embeddable":true,"href":"https:\/\/mustansiriyah.net\/index.php?rest_route=%2Fwp%2Fv2%2Fcomments&post=3744"}],"version-history":[{"count":1,"href":"https:\/\/mustansiriyah.net\/index.php?rest_route=\/wp\/v2\/pages\/3744\/revisions"}],"predecessor-version":[{"id":3745,"href":"https:\/\/mustansiriyah.net\/index.php?rest_route=\/wp\/v2\/pages\/3744\/revisions\/3745"}],"wp:featuredmedia":[{"embeddable":true,"href":"https:\/\/mustansiriyah.net\/index.php?rest_route=\/wp\/v2\/media\/59"}],"wp:attachment":[{"href":"https:\/\/mustansiriyah.net\/index.php?rest_route=%2Fwp%2Fv2%2Fmedia&parent=3744"}],"curies":[{"name":"wp","href":"https:\/\/api.w.org\/{rel}","templated":true}]}}